{"id":6,"date":"2024-06-07T16:41:42","date_gmt":"2024-06-07T14:41:42","guid":{"rendered":"https:\/\/boutique-antilles.fr\/?page_id=6"},"modified":"2024-09-10T16:21:47","modified_gmt":"2024-09-10T14:21:47","slug":"home","status":"publish","type":"page","link":"https:\/\/boutique-antilles.fr\/","title":{"rendered":"Accueil"},"content":{"rendered":"<p class=\"has-text-align-center\">Bienvenue sur la Boutique des Antilles.<\/p><p class=\"has-text-align-center\">Vous trouverez ici tous les produits et fabrications artisanales des Antilles : La Guadeloupe et son archipel : Marie-Galante, les Saintes, la D\u00e9sirade, Saint-Martin. Des produits maison tels que des punchs aux fruits de Guadeloupe, ainsi qu&rsquo;une grande gamme de rhums, caf\u00e9s, confitures, Condiments&#8230;<\/p><p class=\"has-text-align-center\">Des produits textiles comme par exemple des serviettes de plage, des par\u00e9os&#8230;<\/p><p class=\"has-text-align-center\">Nous sommes le premier site \u00e0 proposer le plus grand choix d&rsquo;objets artisanaux \u00ab\u00a0made in GUADELOUPE\u00a0\u00bb. Bien d&rsquo;autres surprises vous attendent en d\u00e9couvrant notre catalogue en ligne !<\/p><p class=\"has-text-align-center\">Vous pouvez acheter ces produits des Antilles dans notre boutique sp\u00e9cialis\u00e9e dans les productions gastronomiques et artisanales antillaises. Pour cela, rendez-vous \u00e0 la pointe des Ch\u00e2teaux, pr\u00e8s des restaurants \u00ab\u00a0la Rhumerie du pirate\u00a0\u00bb, nous sommes en face d'\u00a0\u00bbOc\u00e9an et tradition\u00a0\u00bb, au fond du grand parking : Notre \u00e9tablissement s&rsquo;appelle \u00ab\u00a0La Case Aux Tr\u00e9sors\u00a0\u00bb.<\/p><p class=\"has-text-align-center\">Pour tous ceux et celles qui d\u00e9sirent venir en vacances aux Antilles, nous avons r\u00e9alis\u00e9 pour vous une rubrique qui regroupe les meilleurs adresses : loueurs de voitures, de g\u00eetes, de bateaux, les sites \u00e0 visiter, o\u00f9 manger, o\u00f9 boire etc.<strong>Gastronomie antillaise<\/strong><\/p><p class=\"has-text-align-center\">D\u00e9gustez les punchs de Guadeloupe : le fameux punch coco ou un punch maracuja (fruit de la passion)<\/p><p class=\"has-text-align-center\">Ou des punchs aux d\u00e9licieuses saveurs de fruits tropicaux comme l&rsquo;ananas, la banane, la goyave etc&#8230;<\/p><p class=\"has-text-align-center\">N&rsquo;oubliez pas les autres sp\u00e9cialit\u00e9s gastronomiques des Antilles : les \u00e9pices, les confitures et autres condiments&#8230;<strong>Artisanat des Antilles<\/strong><\/p><p class=\"has-text-align-center\">Vous trouverez \u00e9galement de l&rsquo;artisanat antillais, des tableaux ; des bijoux en graines, en coco&#8230; ; des objets en sable, en bois, en coco &#8230; et d&rsquo;autres cr\u00e9ations \u00e0 d\u00e9couvrir au fil des pages !<\/p><p class=\"has-text-align-center\">Nous sommes le premier site en Guadeloupe \u00e0 promouvoir ainsi le plus grand nombre de cr\u00e9ations artisanales et artistique.<\/p>","protected":false},"excerpt":{"rendered":"<p>Bienvenue sur la Boutique des Antilles. Vous trouverez ici tous les produits et fabrications artisanales des Antilles : La Guadeloupe et son archipel : Marie-Galante, les Saintes, la D\u00e9sirade, Saint-Martin. &hellip; <\/p>\n","protected":false},"author":1,"featured_media":0,"parent":0,"menu_order":0,"comment_status":"closed","ping_status":"closed","template":"","meta":{"footnotes":""},"class_list":["post-6","page","type-page","status-publish","hentry"],"jetpack_sharing_enabled":true,"_links":{"self":[{"href":"https:\/\/boutique-antilles.fr\/index.php\/wp-json\/wp\/v2\/pages\/6","targetHints":{"allow":["GET"]}}],"collection":[{"href":"https:\/\/boutique-antilles.fr\/index.php\/wp-json\/wp\/v2\/pages"}],"about":[{"href":"https:\/\/boutique-antilles.fr\/index.php\/wp-json\/wp\/v2\/types\/page"}],"author":[{"embeddable":true,"href":"https:\/\/boutique-antilles.fr\/index.php\/wp-json\/wp\/v2\/users\/1"}],"replies":[{"embeddable":true,"href":"https:\/\/boutique-antilles.fr\/index.php\/wp-json\/wp\/v2\/comments?post=6"}],"version-history":[{"count":5,"href":"https:\/\/boutique-antilles.fr\/index.php\/wp-json\/wp\/v2\/pages\/6\/revisions"}],"predecessor-version":[{"id":108,"href":"https:\/\/boutique-antilles.fr\/index.php\/wp-json\/wp\/v2\/pages\/6\/revisions\/108"}],"wp:attachment":[{"href":"https:\/\/boutique-antilles.fr\/index.php\/wp-json\/wp\/v2\/media?parent=6"}],"curies":[{"name":"wp","href":"https:\/\/api.w.org\/{rel}","templated":true}]}}